 Let n be g(-1). What is the units digit of y(n)?
0
Let m = 4 + 36. Suppose 0 = 5*k - y - 106, -3*k + k + m = -y. Suppose 0 = k*d - 23*d + 4. What is the units digit of d?
4
Let m = 1818 + -910. Let d = m - -126. What is the thousands digit of d?
1
What is the tens digit of (-384)/(-8 - (-46)/6)?
5
Let d = -287 - -307. Suppose 3*c + 0*c - 3 = 0. Let h = d + c. What is the tens digit of h?
2
Suppose -1413 = -305*i + 302*i. What is the units digit of i?
1
Suppose 0 = 5*y - 0*y + 3*v, -2*v = y. Suppose 0 = 3*q + 2*q - y*q. Suppose 5*n - 586 = 4*g, q = 4*n - 2*g + 35 - 499. What is the hundreds digit of n?
1
Suppose -89*y = -502602 - 384372. What is the units digit of y?
6
Let g be 365/(-438) - 5870/12. Let q = g - -875. What is the tens digit of q?
8
Let f = 116 + -113. Suppose 2*j - f*q - 8 = 6, -21 = -3*j - 4*q. Suppose -10*i + j + 3 = 0. What is the units digit of i?
1
Suppose -43 - 17 = -12*u. Suppose u*m = -3*c - 121 + 1473, -3*m + 12 = 0. Suppose -2*i = 3*l - 38 - c, 0 = -2*i + l + 474. What is the hundreds digit of i?
2
Let s be ((-6)/(5 + -17))/(1/6). Suppose -756 = s*y - 3894. What is the tens digit of y?
4
Let b = 28 - 26. Suppose b*w + 638 = 3*l - 2*w, 0 = 3*l - 5*w - 643. Suppose l = 5*j - 409. What is the tens digit of j?
2
Let j = -24773 - -40214. What is the hundreds digit of j?
4
Let l(g) = 4745*g**2 + 653*g + 1944. What is the hundreds digit of l(-3)?
6
What is the units digit of (12/32 + (-201747)/(-312))*(-1 - -21)?
0
Suppose -3*u + 3*r = 894, 4*r + 333 = -2*u - 287. Let h = u + 893. What is the units digit of h?
1
Let q(n) = 669*n + 4. Suppose 4*v + 1 = 5. What is the tens digit of q(v)?
7
Let t(q) = 7220*q - 673. What is the hundreds digit of t(5)?
4
Suppose 0 = 54*y - 51*y - 6. Suppose y*q = -3*u + 113, -3*u = 4*q - 36 - 67. What is the tens digit of u?
4
Let m(k) = k**3 + 10*k**2 + 8*k + 52. Let v be m(-8). Suppose -117*o + 578 = -v*o. What is the hundreds digit of o?
5
Let s = 44017 - 19085. What is the thousands digit of s?
4
Let j be (136/10)/(2/5). Let m = j + -31. Suppose -v - 8 = 2*y - 4*v, -2 = 5*y - m*v. What is the units digit of y?
2
Let z be ((-114)/(-152))/((-6)/(-32)). Suppose z*y + 4 = 0, 3*p + 21 = -y + 263. What is the tens digit of p?
8
Suppose 0 = -29*x + 13170 + 47759. What is the units digit of x?
1
Let h(a) = -13*a + 27. Let k be h(22). What is the thousands digit of (-301328)/k + (-3)/7?
1
Let y = -27 + 39. Let v be (-10 + y)*(63 + -1). Suppose v = 3*u - 20. What is the tens digit of u?
4
Let c = -24822 + 45927. What is the tens digit of c?
0
Suppose 0 = 3*l - 2*o - 1, -4*l - 17*o + 28 = -13*o. Let w(n) = 6*n**3 + 9*n**2 - 3*n. What is the units digit of w(l)?
4
Suppose 0 = 3*b + 4*r + 20089 - 166975, -3*b = -3*r - 146844. What is the thousands digit of b?
8
Suppose 0*a - 4*k = 4*a + 112, 5*a = -3*k - 144. Let j = -25 - a. Let l(y) = 4*y + 6. What is the units digit of l(j)?
6
Let m = -66 + 60. Let b be (-118)/m - 3/(-9). Suppose 3*r + 2*r + b = 0, 0 = -w + 2*r + 299. What is the tens digit of w?
9
Let y(x) = x**2 + 5*x - 7. Let n(g) = -5*g + 6. Let p(f) = -3*n(f) - 4*y(f). Let r(b) = b**2. Let m(v) = p(v) + 5*r(v). What is the tens digit of m(7)?
2
Let z = 215 - -456. Let i = 1335 - z. What is the tens digit of i?
6
Let g(v) = -94*v + 1958. What is the tens digit of g(-125)?
0
Let o be (48 - 47)*(-2 - -1*73). Let a be 1/((6/10)/(-3)). Let x = o + a. What is the units digit of x?
6
Suppose -31*m = 43*m - 959567 + 40413. What is the hundreds digit of m?
4
Suppose 0 = -u + 4*t + 8200, -2*u - 2*t - 8194 = -3*u. What is the thousands digit of u?
8
Let t(o) = o**3 + 7*o + 5. Let d be t(0). Suppose d*u + v = 9*u - 101, -43 = -2*u - v. What is the tens digit of u?
2
Suppose -5*l + 3*g + 92716 = 0, g + 17407 - 73031 = -3*l. What is the hundreds digit of l?
5
Let w be (-5)/10*-2*302. Let n = w + 147. What is the units digit of n?
9
Let v = 41 - 40. Let h = v - -131. Let z = -28 + h. What is the hundreds digit of z?
1
Suppose -606864 = 1049*v - 1073*v. What is the thousands digit of v?
5
Let r = -161 + 164. Suppose 4*u = 2*m - 480, -4*m = r*u - 6*u - 940. What is the hundreds digit of m?
2
Suppose -430 = -z - 5*x, 4*z + 1675 = 8*z + 5*x. Let c = -205 + z. What is the tens digit of c?
1
Suppose 47*p - 68*p - 516126 = -60*p. What is the units digit of p?
4
Suppose 0*q = -4*q + 3*y + 8386, 4194 = 2*q - y. Suppose -4*j = -1038 - q. What is the units digit of j?
4
Suppose 4*m + 3*j - 19068 = 0, -28*j - 4789 = -m - 26*j. What is the tens digit of m?
7
Let n(t) = t**2 - 28*t - 8. Let j be n(-13). Let b = -196 + j. What is the units digit of b?
9
Let m(g) = 34*g**2 + 57*g - 178. What is the tens digit of m(27)?
4
Let f(a) = 38*a + 108*a - 97*a - 115 + 361. What is the units digit of f(6)?
0
Let s(n) = n**2 - 2*n + 7. Let z(u) = 5*u - 31. Let w be z(7). Let h = w - -6. What is the tens digit of s(h)?
8
What is the thousands digit of -2 + (1 + 113)*(-1161)/(-18)?
7
Suppose -661 = -d + 4*j, -5*d = j - 0*j - 3410. Let q = -1264 - -782. Let l = q + d. What is the hundreds digit of l?
1
Let t be 126/14*(87 - -2). Suppose 6*u - 801 = t. What is the tens digit of u?
6
Suppose 7*o = -6605 + 106831. What is the units digit of o?
8
Suppose -581*c = -587*c + 1428. What is the tens digit of c?
3
Let q = -7949 - -13189. What is the tens digit of q?
4
What is the tens digit of -3 - (-236)/8*326?
1
Let q(i) = 39*i - 1. Let g be q(2). Let h = g - 72. Suppose h*j = x + 309, 3*j + 4*x = -2*j + 314. What is the units digit of j?
2
Let g = 30 - 23. Let s(p) = -p**3 + 7*p**2 + 7*p + 9. Let m be s(g). Suppose 47 = 5*d - m. What is the tens digit of d?
2
Suppose 4*v - 4*i - 29920 = 0, v - 3*i = 6*v - 37368. What is the hundreds digit of v?
4
Suppose -z + 2*z - 2*d + 12 = 0, 0 = d + 2. Let j be (z/24)/(2/27). What is the tens digit of 1/((1/j)/((-62)/6))?
9
Let c be (-58)/(-14) - 8/56. Suppose -5*b - c*l = -7, -b + 5*b = -4*l + 4. What is the tens digit of ((-21)/b)/((-7)/77)?
7
Suppose -8 = -4*y + 16. Let i be (6 + 42/(-8))/((-1)/(-4)). Suppose 6*t - 2*t = -2*r + y, 2*r - 7 = -i*t. What is the units digit of r?
5
Suppose 0 = -86*l + 81*l - 210. Let x = 45 + l. Suppose -x*h = 5*j - 0*h - 743, -588 = -4*j + 4*h. What is the hundreds digit of j?
1
Let y(t) = 2*t - 3. Let g be y(0). Let w be g + 2421/18 + 1/(-2). Let p = 193 - w. What is the units digit of p?
2
Let n be (-382)/(-4) + (-10)/(-20). Suppose -5*h = -0*h + 2*t - 22, -t = -1. Suppose -2*c + 136 = h*m, -3*m - 4*c + n = -c. What is the tens digit of m?
3
Let d(t) = -t**3 - 16*t**2 - 14*t + 14. Let l be d(-13). Let m = l - -7. What is the units digit of m/(-12)*21/14?
8
Let k(y) = -8*y**2 + 138*y + 8. Let f be k(17). Suppose -f*s + 3240 = -38*s. What is the units digit of s?
0
Let x be ((-96)/28)/(4/(-42)). Suppose 11*c - x + 14 = 0. Suppose -c*w + 5*z + 259 = 0, 6*z = w + 2*z - 125. What is the tens digit of w?
3
Suppose 4*v - 267 = 189. Suppose 0 = 2*p - 3*j - 110, -2*p + 2*j + 0*j = -v. Suppose p = 6*l - 299. What is the units digit of l?
0
Let f = -87 + 1642. Suppose -2*m - 1419 = -5*p + f, 4*p = -m + 2374. What is the units digit of p?
4
Let v be 2 + 60/(-25) + 310224/10. What is the hundreds digit of -4*(v/(-72) + (-12)/(-108))?
7
Let c(n) = 2*n**3 - 277*n**2 - 136*n - 420. Let w be c(139). Let o(k) be the third derivative of -k**4/4 + 5*k**3 + k**2. What is the units digit of o(w)?
8
Let k(n) = n**3 - 4*n**2 + 7*n - 9. Let f be k(3). Suppose h - 7*u - 1899 = -8*u, 0 = -f*h - 2*u + 5702. Suppose 666 = 10*x - h. What is the units digit of x?
7
Let h = 8146 - -6042. What is the tens digit of h?
8
Suppose 4*a = 3*j + 141, -7*a + 9*a - 74 = -2*j. What is the thousands digit of 36830/a + (-11)/198?
1
Suppose f - 3 = 2*h, -3*h = -h - 6. What is the tens digit of (139 - (-2 + 0))/(f + -6)?
4
Let v(o) = -2*o - 7. Let n = 12 + -15. Let x be v(n). Let h = 17 - x. What is the units digit of h?
8
Suppose -8352*o = -8328*o - 165696. What is the tens digit of o?
0
What is the units digit of -6*(-6 + 330/45)*8067/(-8)?
7
Let h(w) = 55*w - 69*w - 69*w - 195 + 5*w - 43*w. What is the units digit of h(-11)?
6
Let k be ((-21294)/4)/(-3) - (-61)/122. Suppose -36*q = -k + 479. What is the units digit of q?
6
What is the units digit of 6/((-3630)/3642 + 7 + -6)?
1
Suppose -66*k = -15*k - 18*k - 80242